457?
4
What is the thousands digit of 7922?
7
What is the tens digit of 2670?
7
What is the ten thousands digit of 37596?
3
What is the tens digit of 34119?
1
What is the hundred thousands digit of 152431?
1
What is the hundreds digit of 5760?
7
What is the units digit of 14370?
0
What is the units digit of 4652?
2
What is the thousands digit of 98262?
8
What is the tens digit of 17398?
9
What is the tens digit of 24569?
6
What is the hundreds digit of 766?
7
What is the thousands digit of 5669?
5
What is the units digit of 36184?
4
What is the ten thousands digit of 46323?
4
What is the tens digit of 18?
1
What is the units digit of 169?
9
What is the units digit of 1698?
8
What is the tens digit of 169500?
0
What is the units digit of 1322?
2
What is the thousands digit of 26758?
6
What is the tens digit of 747?
4
What is the hundreds digit of 18169?
1
What is the ten thousands digit of 169909?
6
What is the thousands digit of 2015?
2
What is the tens digit of 535?
3
What is the thousands digit of 3800?
3
What is the thousands digit of 1544?
1
What is the hundreds digit of 10857?
8
What is the hundreds digit of 91165?
1
What is the units digit of 42?
2
What is the hundreds digit of 1391?
3
What is the units digit of 45?
5
What is the thousands digit of 1382?
1
What is the units digit of 7588?
8
What is the hundred thousands digit of 158251?
1
What is the units digit of 964?
4
What is the hundreds digit of 32475?
4
What is the hundreds digit of 387?
3
What is the hundreds digit of 460?
4
What is the units digit of 4590?
0
What is the thousands digit of 30826?
0
What is the thousands digit of 4426?
4
What is the thousands digit of 67795?
7
What is the units digit of 301?
1
What is the hundreds digit of 66137?
1
What is the tens digit of 59?
5
What is the hundreds digit of 3910?
9
What is the thousands digit of 66418?
6
What is the thousands digit of 6496?
6
What is the hundreds digit of 7541?
5
What is the units digit of 11991?
1
What is the units digit of 4284?
4
What is the units digit of 37810?
0
What is the thousands digit of 4522?
4
What is the units digit of 55?
5
What is the hundreds digit of 2599?
5
What is the tens digit of 6462?
6
What is the thousands digit of 1584?
1
What is the thousands digit of 103502?
3
What is the tens digit of 10770?
7
What is the units digit of 620?
0
What is the tens digit of 7303?
0
What is the ten thousands digit of 12950?
1
What is the tens digit of 5872?
7
What is the tens digit of 116588?
8
What is the tens digit of 6122?
2
What is the units digit of 944?
4
What is the thousands digit of 5204?
5
What is the tens digit of 148?
4
What is the thousands digit of 13180?
3
What is the thousands digit of 1302?
1
What is the tens digit of 27679?
7
What is the units digit of 18499?
9
What is the tens digit of 2026?
2
What is the tens digit of 1799?
9
What is the hundred thousands digit of 104133?
1
What is the hundreds digit of 823?
8
What is the thousands digit of 1386?
1
What is the ten thousands digit of 99086?
9
What is the hundreds digit of 1033?
0
What is the hundreds digit of 6638?
6
What is the hundreds digit of 9177?
1
What is the units digit of 12056?
6
What is the thousands digit of 64956?
4
What is the hundreds digit of 4384?
3
What is the tens digit of 15241?
4
What is the units digit of 80005?
5
What is the units digit of 3218?
8
What is the tens digit of 4694?
9
What is the tens digit of 11327?
2
What is the thousands digit of 2675?
2
What is the thousands digit of 23746?
3
What is the units digit of 1025?
5
What is the tens digit of 692?
9
What is the thousands digit of 1404?
1
What is the ten thousands digit of 32732?
3
What is the tens digit of 777?
7
What is the tens digit of 3532?
3
What is the hundreds digit of 1103?
1
What is the tens digit of 1899?
9
What is the tens digit of 2452?
5
What is the hundreds digit of 5682?
6
What is the hundreds digit of 2599?
5
What is the tens digit of 1182?
8
What is the tens digit of 98524?
2
What is the tens digit of 1881?
8
What is the units digit of 5837?
7
What is the tens digit of 47878?
7
What is the tens digit of 1402?
0
What is the ten thousands digit of 49005?
4
What is the tens digit of 931?
3
What is the units digit of 9566?
6
What is the thousands digit of 1346?
1
What is the ten thousands digit of 10325?
1
What is the hundreds digit of 3357?
3
What is the thousands digit of 2972?
2
What is the hundreds digit of 399?
3
What is the thousands digit of 6250?
6
What is the ten thousands digit of 23483?
2
What is the thousands digit of 7525?
7
What is the thousands digit of 1572?
1
What is the hundreds digit of 15511?
5
What is the hundreds digit of 1102?
1
What is the tens digit of 820?
2
What is the hundreds digit of 10180?
1
What is the tens digit of 9389?
8
What is the tens digit of 709?
0
What is the tens digit of 58963?
6
What is the units digit of 228?
8
What is the tens digit of 89627?
2
What is the units digit of 2677?
7
What is the thousands digit of 3758?
3
What is the tens digit of 3197?
9
What is the thousands digit of 2367?
2
What is the hundreds digit of 6649?
6
What is the units digit of 598?
8
What is the hundreds digit of 123?
1
What is the hundreds digit of 18964?
9
What is the hundreds digit of 2977?
9
What is the units digit of 364?
4
What is the thousands digit of 54140?
4
What is the hundreds digit of 2078?
0
What is the hundreds digit of 2297?
2
What is the hundreds digit of 1721?
7
What is the thousands digit of 128654?
8
What is the hundreds digit of 1676?
6
What is the tens digit of 17907?
0
What is the ten thousands digit of 15541?
1
What is the units digit of 44098?
8
What is the units digit of 61025?
5
What is the units digit of 19420?
0
What is the ten thousands digit of 24433?
2
What is the ten thousands digit of 69144?
6
What is the thousands digit of 68306?
8
What is the thousands digit of 1427?
1
What is the thousands digit of 7557?
7
What is the hundreds digit of 19813?
8
What is the hundreds digit of 6919?
9
What is the tens digit of 94991?
9
What is the units digit of 736?
6
What is the tens digit of 9022?
2
What is the ten thousands digit of 96149?
9
What is the units digit of 61204?
4
What is the thousands digit of 37398?
7
What is the tens digit of 30196?
9
What is the units digit of 346?
6
What is the tens digit of 649?
4
What is the tens digit of 117?
1
What is the tens digit of 290?
9
What is the thousands digit of 1473?
1
What is the units digit of 6845?
5
What is the units digit of 24321?
1
What is the ten thousands digit of 74326?
7
What is the thousands digit of 35910?
5
What is the tens digit of 110327?
2
What is the tens digit of 9262?
6
What is the thousands digit of 44342?
4
What is the thousands digit of 15684?
5
What is the tens digit of 2479?
7
What is the thousands digit of 78075?
8
What is the thousands digit of 1786?
1
What is the units digit of 5135?
5
What is the units digit of 9687?
7
What is the hundreds digit of 16265?
2
What is the tens digit of 49774?
7
What is the tens digit of 1762?
6
What is the ten thousands digit of 128849?
2
What is the hundreds digit of 1919?
9
What is the ten thousands digit of 23917?
2
What is the hundreds digit of 10162?
1
What is the thousands digit of 3549?
3
What is the hundreds digit of 3740?
7
What is the hundred thousands digit of 110924?
1
What is the thousands digit of 68384?
8
What is the hundreds digit of 9734?
7
What is the tens digit of 9455?
5
What is the thousands digit of 108287?
8
What is the units digit of 65290?
0
What is the tens digit of 198?
9
What is the thousands digit of 21326?
1
What is the tens digit of 810?
1
What is the tens digit of 103050?
5
What is the thousands digit of 1999?
1
What is the hundreds digit of 936?
9
What is the hundreds digit of 31106?
1
What is the hundreds digit of 1754?
7
What is the tens digit of 2745?
4
What is the thousands digit of 12153?
2
What is the tens digit of 1932?
3
What is the units digit of 1027?
7
What is the units digit of 439?
9
What is the hundreds digit of 1133?
1
What is the thousands digit of 24711?
4
What is the units digit of 1146?
6
What is the tens digit of 13312?
1
What is the tens digit of 194?
9
What is the thousands digit of 40558?
0
What is the tens digit of 443?
4
What is t